2573131?
3
What is the ten thousands digit of 7662489?
6
What is the hundred thousands digit of 884224?
8
What is the ten thousands digit of 4633034?
3
What is the thousands digit of 201196?
1
What is the tens digit of 378054?
5
What is the thousands digit of 200519?
0
What is the ten millions digit of 33231283?
3
What is the tens digit of 1590681?
8
What is the ten thousands digit of 1032578?
3
What is the thousands digit of 105711?
5
What is the tens digit of 33071?
7
What is the units digit of 70706?
6
What is the thousands digit of 916139?
6
What is the thousands digit of 1570927?
0
What is the thousands digit of 476912?
6
What is the units digit of 38110?
0
What is the tens digit of 1219562?
6
What is the units digit of 11046046?
6
What is the hundreds digit of 53623?
6
What is the ten millions digit of 10441495?
1
What is the thousands digit of 57898?
7
What is the units digit of 1259199?
9
What is the hundreds digit of 4181927?
9
What is the units digit of 271647?
7
What is the units digit of 37675?
5
What is the tens digit of 542162?
6
What is the hundred thousands digit of 264449?
2
What is the hundreds digit of 2764799?
7
What is the hundreds digit of 1141789?
7
What is the hundreds digit of 721525?
5
What is the hundred thousands digit of 5104777?
1
What is the thousands digit of 36584?
6
What is the tens digit of 20780?
8
What is the hundreds digit of 135797?
7
What is the thousands digit of 264508?
4
What is the ten thousands digit of 5713048?
1
What is the thousands digit of 1559628?
9
What is the hundreds digit of 463833?
8
What is the hundreds digit of 461393?
3
What is the hundred thousands digit of 225235?
2
What is the thousands digit of 3937148?
7
What is the millions digit of 4768144?
4
What is the tens digit of 111282?
8
What is the ten thousands digit of 81672?
8
What is the millions digit of 1812764?
1
What is the ten thousands digit of 65731?
6
What is the hundreds digit of 18092758?
7
What is the hundreds digit of 1694049?
0
What is the millions digit of 6389403?
6
What is the thousands digit of 22785489?
5
What is the units digit of 273705?
5
What is the hundred thousands digit of 6621173?
6
What is the thousands digit of 14192056?
2
What is the thousands digit of 928526?
8
What is the hundred thousands digit of 1685627?
6
What is the hundred thousands digit of 3988052?
9
What is the ten thousands digit of 7443636?
4
What is the tens digit of 321598?
9
What is the tens digit of 211456?
5
What is the millions digit of 4592497?
4
What is the hundred thousands digit of 21892667?
8
What is the thousands digit of 1037224?
7
What is the units digit of 127696?
6
What is the thousands digit of 17480?
7
What is the thousands digit of 632411?
2
What is the millions digit of 6428286?
6
What is the thousands digit of 1542219?
2
What is the units digit of 59960?
0
What is the ten thousands digit of 79852?
7
What is the ten thousands digit of 24184440?
8
What is the tens digit of 199633?
3
What is the hundreds digit of 337183?
1
What is the hundreds digit of 158181?
1
What is the ten thousands digit of 185540?
8
What is the hundreds digit of 411297?
2
What is the ten thousands digit of 1264789?
6
What is the hundreds digit of 99894?
8
What is the hundred thousands digit of 3052385?
0
What is the tens digit of 566096?
9
What is the hundreds digit of 5186905?
9
What is the units digit of 2525486?
6
What is the thousands digit of 226934?
6
What is the ten thousands digit of 3759777?
5
What is the ten thousands digit of 7890307?
9
What is the hundred thousands digit of 1909310?
9
What is the ten thousands digit of 1769260?
6
What is the tens digit of 110675?
7
What is the hundred thousands digit of 152318?
1
What is the thousands digit of 920688?
0
What is the hundreds digit of 3068546?
5
What is the hundred thousands digit of 7983492?
9
What is the thousands digit of 248829?
8
What is the units digit of 8429431?
1
What is the thousands digit of 213806?
3
What is the millions digit of 3810577?
3
What is the millions digit of 4120392?
4
What is the ten thousands digit of 69091?
6
What is the millions digit of 2551751?
2
What is the units digit of 205618?
8
What is the hundred thousands digit of 2128444?
1
What is the tens digit of 43197?
9
What is the ten thousands digit of 21832591?
3
What is the ten thousands digit of 2009036?
0
What is the ten thousands digit of 2074742?
7
What is the thousands digit of 13425602?
5
What is the units digit of 574832?
2
What is the tens digit of 2340782?
8
What is the ten millions digit of 21216807?
2
What is the units digit of 158279?
9
What is the ten thousands digit of 1240964?
4
What is the tens digit of 91497?
9
What is the hundreds digit of 282562?
5
What is the thousands digit of 6279887?
9
What is the hundred thousands digit of 3499890?
4
What is the hundreds digit of 290606?
6
What is the hundreds digit of 54786?
7
What is the hundred thousands digit of 3447068?
4
What is the ten thousands digit of 2526356?
2
What is the thousands digit of 327202?
7
What is the thousands digit of 51573?
1
What is the ten thousands digit of 4812788?
1
What is the hundreds digit of 1298789?
7
What is the units digit of 143860?
0
What is the tens digit of 103640?
4
What is the units digit of 182430?
0
What is the units digit of 291722?
2
What is the thousands digit of 2084068?
4
What is the hundred thousands digit of 357709?
3
What is the ten thousands digit of 279448?
7
What is the tens digit of 112523?
2
What is the units digit of 7400323?
3
What is the hundred thousands digit of 6880438?
8
What is the units digit of 322366?
6
What is the units digit of 892767?
7
What is the hundred thousands digit of 965384?
9
What is the hundred thousands digit of 25325439?
3
What is the hundreds digit of 99940?
9
What is the units digit of 4070771?
1
What is the hundreds digit of 18707139?
1
What is the millions digit of 4285796?
4
What is the hundred thousands digit of 141419?
1
What is the thousands digit of 287200?
7
What is the ten thousands digit of 14011331?
1
What is the units digit of 234388?
8
What is the hundred thousands digit of 498132?
4
What is the ten thousands digit of 1175355?
7
What is the units digit of 14611171?
1
What is the units digit of 214094?
4
What is the units digit of 14011078?
8
What is the hundred thousands digit of 11293765?
2
What is the thousands digit of 14333473?
3
What is the millions digit of 1940279?
1
What is the units digit of 228146?
6
What is the units digit of 7396705?
5
What is the hundred thousands digit of 25797547?
7
What is the tens digit of 170712?
1
What is the thousands digit of 176116?
6
What is the tens digit of 7251713?
1
What is the ten thousands digit of 3869169?
6
What is the hundred thousands digit of 3082586?
0
What is the ten thousands digit of 208053?
0
What is the ten thousands digit of 517847?
1
What is the units digit of 1823985?
5
What is the tens digit of 551794?
9
What is the ten thousands digit of 3689254?
8
What is the ten thousands digit of 753113?
5
What is the thousands digit of 583912?
3
What is the millions digit of 3557102?
3
What is the hundreds digit of 56223?
2
What is the thousands digit of 142590?
2
What is the hundred thousands digit of 243315?
2
What is the ten thousands digit of 5594293?
9
What is the hundreds digit of 889121?
1
What is the units digit of 2708453?
3
What is the thousands digit of 3542162?
2
What is the hundred thousands digit of 540009?
5
What is the millions digit of 1222971?
1
What is the ten thousands digit of 343566?
4
What is the millions digit of 1141885?
1
What is the ten thousands digit of 2650878?
5
What is the units digit of 3874189?
9
What is the tens digit of 3182826?
2
What is the units digit of 221753?
3
What is the hundreds digit of 223750?
7
What is the hundred thousands digit of 285115?
2
What is the thousands digit of 13105667?
5
What is the millions digit of 3651980?
3
What is the thousands digit of 8083085?
3
What is the hundreds digit of 144768?
7
What is the ten thousands digit of 89428?
8
What is the hundreds digit of 22794141?
1
What is the tens digit of 25632007?
0
What is the thousands digit of 834595?
4
What is the units digit of 170223?
3
What is the tens digit of 1260392?
9
What is the tens 